{"id":34,"date":"2025-09-13T18:15:41","date_gmt":"2025-09-13T18:15:41","guid":{"rendered":"https:\/\/lg-it.be\/index.php\/workshops\/"},"modified":"2025-11-05T20:14:59","modified_gmt":"2025-11-05T20:14:59","slug":"offres","status":"publish","type":"page","link":"https:\/\/lg-it.be\/index.php\/offres\/","title":{"rendered":"Offres"},"content":{"rendered":"\t\t<div data-elementor-type=\"wp-page\" data-elementor-id=\"34\" class=\"elementor elementor-34\">\n\t\t\t\t<div class=\"elementor-element elementor-element-62bb3a3d e-con-full e-flex e-con e-parent\" data-id=\"62bb3a3d\" data-element_type=\"container\">\n\t\t<div class=\"elementor-element elementor-element-619d4380 e-con-full e-flex e-con e-child\" data-id=\"619d4380\" data-element_type=\"container\">\n\t\t<div class=\"elementor-element elementor-element-46bcac61 e-con-full e-flex e-con e-child\" data-id=\"46bcac61\" data-element_type=\"container\">\n\t\t\t\t<div class=\"elementor-element elementor-element-7d9f75be elementor-widget elementor-widget-heading\" data-id=\"7d9f75be\" data-element_type=\"widget\" data-widget_type=\"heading.default\">\n\t\t\t\t\t<h1 class=\"elementor-heading-title elementor-size-default\">Apprendre, d\u00e9couvrir et innover avec le num\u00e9rique <\/h1>\t\t\t\t<\/div>\n\t\t\t\t<div class=\"elementor-element elementor-element-5f7be21c elementor-widget__width-initial elementor-invisible elementor-widget elementor-widget-text-editor\" data-id=\"5f7be21c\" data-element_type=\"widget\" data-settings=\"{&quot;_animation&quot;:&quot;fadeInDown&quot;}\" data-widget_type=\"text-editor.default\">\n\t\t\t\t\t\t\t\t\t<p>Chez <strong data-start=\"214\" data-end=\"223\">LG-IT<\/strong>, nous croyons que le num\u00e9rique doit \u00eatre accessible \u00e0 tous.<br data-start=\"283\" data-end=\"286\" \/>Que vous soyez enfant, parent, adulte curieux ou professionnel en qu\u00eate de solutions, nous vous aidons \u00e0 <strong data-start=\"391\" data-end=\"439\">comprendre, utiliser et ma\u00eetriser le digital<\/strong>.<br data-start=\"440\" data-end=\"443\" \/>Avec plus de 20 ans d\u2019exp\u00e9rience en informatique, nous mettons notre passion au service de l\u2019apprentissage et de l\u2019innovation.<\/p>\t\t\t\t\t\t\t\t<\/div>\n\t\t\t\t<\/div>\n\t\t\t\t<div class=\"elementor-element elementor-element-1d87446a elementor-invisible elementor-widget elementor-widget-heading\" data-id=\"1d87446a\" data-element_type=\"widget\" data-settings=\"{&quot;_animation&quot;:&quot;fadeInUp&quot;}\" data-widget_type=\"heading.default\">\n\t\t\t\t\t<span class=\"elementor-heading-title elementor-size-default\">classes<\/span>\t\t\t\t<\/div>\n\t\t\t\t<\/div>\n\t\t<div class=\"elementor-element elementor-element-30e36ee7 e-con-full e-flex e-con e-child\" data-id=\"30e36ee7\" data-element_type=\"container\" data-settings=\"{&quot;background_background&quot;:&quot;classic&quot;}\">\n\t\t\t\t<\/div>\n\t\t\t\t<\/div>\n\t\t<div class=\"elementor-element elementor-element-29827128 e-con-full e-flex e-con e-parent\" data-id=\"29827128\" data-element_type=\"container\" id=\"Workshop_Learn_The_Basics\">\n\t\t<div class=\"elementor-element elementor-element-203f22de e-con-full e-flex e-con e-child\" data-id=\"203f22de\" data-element_type=\"container\" data-settings=\"{&quot;background_background&quot;:&quot;classic&quot;}\">\n\t\t\t\t<\/div>\n\t\t<div class=\"elementor-element elementor-element-921b405 e-con-full e-flex e-con e-child\" data-id=\"921b405\" data-element_type=\"container\">\n\t\t\t\t<div class=\"elementor-element elementor-element-4f36d4 elementor-widget elementor-widget-heading\" data-id=\"4f36d4\" data-element_type=\"widget\" data-widget_type=\"heading.default\">\n\t\t\t\t\t<h2 class=\"elementor-heading-title elementor-size-default\">Pour les enfants et adolescents<\/h2>\t\t\t\t<\/div>\n\t\t\t\t<div class=\"elementor-element elementor-element-281a9e3d elementor-widget elementor-widget-text-editor\" data-id=\"281a9e3d\" data-element_type=\"widget\" data-widget_type=\"text-editor.default\">\n\t\t\t\t\t\t\t\t\t<p>Offrez \u00e0 vos enfants une aventure num\u00e9rique ludique et \u00e9ducative.<br data-start=\"712\" data-end=\"715\" \/>Cours hebdomadaires, ateliers th\u00e9matiques et stages vacances les initient \u00e0 la programmation, aux jeux vid\u00e9o, \u00e0 la robotique et aux technologies d\u2019avenir.<\/p>\t\t\t\t\t\t\t\t<\/div>\n\t\t\t\t<div class=\"elementor-element elementor-element-356753f0 elementor-invisible elementor-widget elementor-widget-button\" data-id=\"356753f0\" data-element_type=\"widget\" data-settings=\"{&quot;_animation&quot;:&quot;fadeInDown&quot;}\" data-widget_type=\"button.default\">\n\t\t\t\t\t\t\t\t\t\t<a class=\"elementor-button elementor-button-link elementor-size-sm\" href=\"http:\/\/www.lg-it.be\/index.php\/enfants-adolescents-logiscool-pays-vert\">\n\t\t\t\t\t\t<span class=\"elementor-button-content-wrapper\">\n\t\t\t\t\t\t\t\t\t<span class=\"elementor-button-text\">D\u00e9couvrir nos cours enfants<\/span>\n\t\t\t\t\t<\/span>\n\t\t\t\t\t<\/a>\n\t\t\t\t\t\t\t\t<\/div>\n\t\t\t\t<\/div>\n\t\t\t\t<\/div>\n\t\t<div class=\"elementor-element elementor-element-18a85702 e-con-full e-flex e-con e-parent\" data-id=\"18a85702\" data-element_type=\"container\" id=\"Workshop_Master_The_Basics\">\n\t\t<div class=\"elementor-element elementor-element-5b5b71a7 e-con-full e-flex e-con e-child\" data-id=\"5b5b71a7\" data-element_type=\"container\" data-settings=\"{&quot;background_background&quot;:&quot;classic&quot;}\">\n\t\t\t\t<\/div>\n\t\t<div class=\"elementor-element elementor-element-70a8063c e-con-full e-flex e-con e-child\" data-id=\"70a8063c\" data-element_type=\"container\">\n\t\t\t\t<div class=\"elementor-element elementor-element-70107f3e elementor-widget elementor-widget-heading\" data-id=\"70107f3e\" data-element_type=\"widget\" data-widget_type=\"heading.default\">\n\t\t\t\t\t<h2 class=\"elementor-heading-title elementor-size-default\">Pour les adultes <\/h2>\t\t\t\t<\/div>\n\t\t\t\t<div class=\"elementor-element elementor-element-12157182 elementor-widget elementor-widget-text-editor\" data-id=\"12157182\" data-element_type=\"widget\" data-widget_type=\"text-editor.default\">\n\t\t\t\t\t\t\t\t\t<p>Le num\u00e9rique \u00e9volue vite, mais il est \u00e0 la port\u00e9e de tous.<br data-start=\"1054\" data-end=\"1057\" \/>Nos conf\u00e9rences et ateliers vous accompagnent pour mieux comprendre les outils digitaux, s\u00e9curiser vos usages, am\u00e9liorer votre quotidien, d\u00e9velopper vos comp\u00e9tences et encadrer vos enfants face aux enjeux du monde digital.<\/p>\t\t\t\t\t\t\t\t<\/div>\n\t\t\t\t<div class=\"elementor-element elementor-element-2def96c8 elementor-invisible elementor-widget elementor-widget-button\" data-id=\"2def96c8\" data-element_type=\"widget\" data-settings=\"{&quot;_animation&quot;:&quot;fadeInDown&quot;}\" data-widget_type=\"button.default\">\n\t\t\t\t\t\t\t\t\t\t<a class=\"elementor-button elementor-button-link elementor-size-sm\" href=\"http:\/\/www.lg-it.be\/index.php\/ateliers-conferences-adulte\">\n\t\t\t\t\t\t<span class=\"elementor-button-content-wrapper\">\n\t\t\t\t\t\t\t\t\t<span class=\"elementor-button-text\">Explorer nos ateliers adultes<\/span>\n\t\t\t\t\t<\/span>\n\t\t\t\t\t<\/a>\n\t\t\t\t\t\t\t\t<\/div>\n\t\t\t\t<\/div>\n\t\t\t\t<\/div>\n\t\t<div class=\"elementor-element elementor-element-14d360b2 e-con-full e-flex e-con e-parent\" data-id=\"14d360b2\" data-element_type=\"container\" id=\"Workshop_Be_Ceramic_Superhero\">\n\t\t<div class=\"elementor-element elementor-element-1038e707 e-con-full e-flex e-con e-child\" data-id=\"1038e707\" data-element_type=\"container\" data-settings=\"{&quot;background_background&quot;:&quot;classic&quot;}\">\n\t\t\t\t<\/div>\n\t\t<div class=\"elementor-element elementor-element-3a5cf5b1 e-con-full e-flex e-con e-child\" data-id=\"3a5cf5b1\" data-element_type=\"container\">\n\t\t\t\t<div class=\"elementor-element elementor-element-3958b17 elementor-widget elementor-widget-heading\" data-id=\"3958b17\" data-element_type=\"widget\" data-widget_type=\"heading.default\">\n\t\t\t\t\t<h2 class=\"elementor-heading-title elementor-size-default\">Pour les professionnels<\/h2>\t\t\t\t<\/div>\n\t\t\t\t<div class=\"elementor-element elementor-element-423ccb57 elementor-widget elementor-widget-text-editor\" data-id=\"423ccb57\" data-element_type=\"widget\" data-widget_type=\"text-editor.default\">\n\t\t\t\t\t\t\t\t\t<p>Avec nos partenaires sp\u00e9cialis\u00e9s, nous aidons les organisations \u00e0 r\u00e9ussir leur transition digitale.<br data-start=\"1439\" data-end=\"1442\" \/>De la cr\u00e9ation de sites web \u00e0 l\u2019e-commerce, en passant par l\u2019h\u00e9bergement, la s\u00e9curit\u00e9 et le conseil, nous concevons des solutions adapt\u00e9es \u00e0 vos besoins.<\/p>\t\t\t\t\t\t\t\t<\/div>\n\t\t\t\t<div class=\"elementor-element elementor-element-47758360 elementor-invisible elementor-widget elementor-widget-button\" data-id=\"47758360\" data-element_type=\"widget\" data-settings=\"{&quot;_animation&quot;:&quot;fadeInDown&quot;}\" data-widget_type=\"button.default\">\n\t\t\t\t\t\t\t\t\t\t<a class=\"elementor-button elementor-button-link elementor-size-sm\" href=\"http:\/\/www.lg-it.be\/index.php\/professionnels-services-it\">\n\t\t\t\t\t\t<span class=\"elementor-button-content-wrapper\">\n\t\t\t\t\t\t\t\t\t<span class=\"elementor-button-text\">D\u00e9couvrir nos solutions IT<\/span>\n\t\t\t\t\t<\/span>\n\t\t\t\t\t<\/a>\n\t\t\t\t\t\t\t\t<\/div>\n\t\t\t\t<\/div>\n\t\t\t\t<\/div>\n\t\t\t\t<\/div>\n\t\t","protected":false},"excerpt":{"rendered":"<p>Apprendre, d\u00e9couvrir et innover avec le num\u00e9rique Chez LG-IT, nous croyons que le num\u00e9rique doit \u00eatre accessible \u00e0 tous.Que vous soyez enfant, parent, adulte curieux ou professionnel en qu\u00eate de [&hellip;]<\/p>\n","protected":false},"author":1,"featured_media":0,"parent":0,"menu_order":0,"comment_status":"closed","ping_status":"closed","template":"elementor_header_footer","meta":{"_price":"","_stock":"","_tribe_ticket_header":"","_tribe_default_ticket_provider":"","_tribe_ticket_capacity":"0","_ticket_start_date":"","_ticket_end_date":"","_tribe_ticket_show_description":"","_tribe_ticket_show_not_going":false,"_tribe_ticket_use_global_stock":"","_tribe_ticket_global_stock_level":"","_global_stock_mode":"","_global_stock_cap":"","_tribe_rsvp_for_event":"","_tribe_ticket_going_count":"","_tribe_ticket_not_going_count":"","_tribe_tickets_list":"[]","_tribe_ticket_has_attendee_info_fields":false,"footnotes":"","_tec_slr_enabled":"","_tec_slr_layout":""},"class_list":["post-34","page","type-page","status-publish","hentry"],"ticketed":false,"_links":{"self":[{"href":"https:\/\/lg-it.be\/index.php\/wp-json\/wp\/v2\/pages\/34","targetHints":{"allow":["GET"]}}],"collection":[{"href":"https:\/\/lg-it.be\/index.php\/wp-json\/wp\/v2\/pages"}],"about":[{"href":"https:\/\/lg-it.be\/index.php\/wp-json\/wp\/v2\/types\/page"}],"author":[{"embeddable":true,"href":"https:\/\/lg-it.be\/index.php\/wp-json\/wp\/v2\/users\/1"}],"replies":[{"embeddable":true,"href":"https:\/\/lg-it.be\/index.php\/wp-json\/wp\/v2\/comments?post=34"}],"version-history":[{"count":28,"href":"https:\/\/lg-it.be\/index.php\/wp-json\/wp\/v2\/pages\/34\/revisions"}],"predecessor-version":[{"id":485,"href":"https:\/\/lg-it.be\/index.php\/wp-json\/wp\/v2\/pages\/34\/revisions\/485"}],"wp:attachment":[{"href":"https:\/\/lg-it.be\/index.php\/wp-json\/wp\/v2\/media?parent=34"}],"curies":[{"name":"wp","href":"https:\/\/api.w.org\/{rel}","templated":true}]}}